0/1?
4
Suppose 7*y - 80 - 1607 = 0. What is the hundreds digit of y?
2
Suppose -354 = -9*o + 6*o. What is the hundreds digit of o?
1
Suppose 0 = 2*t - 7*t. What is the units digit of (t - 1) + 1 + 3?
3
Suppose 0 = 27*g - 21*g - 2496. What is the tens digit of g?
1
Suppose -4*q + 20 = -0*q. Suppose -5*b + 65 = 4*u, 97 = q*u - 0*u + b. Suppose 2*r = 5*r - 5*o - u, 5*r + o = 24. What is the units digit of r?
5
Let q(o) = -o**3 - 18*o**2 - 3*o - 5. What is the units digit of q(-18)?
9
Let t(u) = -u**2. Let z be t(2). Let m = z - -9. Suppose 27 = m*k + 4*i, -k = -0*k + i - 6. What is the units digit of k?
3
Let m(g) = -g**3 + 5*g**2 - g - 3. Suppose -12 = -v + 4*s, 21 = 5*v - 3*s - 5. What is the units digit of m(v)?
9
Let h(o) = 11*o + 15. Let m(y) = -6*y - 8. Let j(n) = 4*h(n) + 7*m(n). Let q be j(-6). Let g = q + 14. What is the units digit of g?
6
Let b(o) = o**3 - 3*o**2 - 6*o - 7. What is the units digit of b(5)?
3
Let i(n) = 3*n**2 - 12*n - 4. Suppose 2*k - 6*k = -24. What is the tens digit of i(k)?
3
Let v(z) = -z**3 - 10*z**2 - 14*z - 8. Let u be v(-10). Suppose 4*a - 2*t = u, a + a + 3*t - 74 = 0. What is the tens digit of a?
3
Suppose -196 = -4*m + 4. What is the tens digit of m?
5
Let z(u) = u**2 - 2*u - 1. Suppose 4*w - 5*w = -3. Let n be z(w). Suppose 0 = 5*j + 10, -y - 2 = n*j + 3*j. What is the units digit of y?
8
Let k(q) = q**3 - 4*q**2 - 3*q - 6. Let m be k(5). Let c(v) = -v**2 + 4*v + 2. What is the units digit of c(m)?
2
Let v be (-9)/3 + 5 + 0. Let g(i) = 2*i**2. What is the units digit of g(v)?
8
Let c(x) = -x**3 - 7*x**2 - 6*x. Let p be c(-6). Suppose p*a + 4*a - 68 = -4*w, 0 = -4*w + 5*a + 104. What is the units digit of w?
1
Let y(w) = w**3 + 7*w**2 - w + 5. Let s be y(-7). Let p(q) = q - 1. Let t be p(4). Suppose -3*x - 30 = -t*g, -5*x = -2*x + s. What is the units digit of g?
6
Suppose 4*q = 19 + 1. Suppose u + 3*s - 49 = 0, -q*u + 4*s = -6*u + 49. What is the units digit of u?
9
Let k(g) = -g**2 + 7*g - 1. Let d(y) = y**3 - y**2 + 2. Let c be d(2). Let s be k(c). Suppose 3*n = -s + 8. What is the units digit of n?
1
Suppose 3*d + 11 = 5*u, 5*d + 0*d = 3*u + 3. Let s be (d - (-4)/(-2)) + 1. What is the units digit of (5 - s/1) + 2?
5
Suppose 10 = -5*d + 45. What is the tens digit of 1*d/((-28)/(-144))?
3
Let i(f) = -9*f + 14. Let m be i(-6). Suppose 2*q - 3*p - m = -2*q, 2*q + 5*p = 34. What is the tens digit of q?
1
Let t(y) = 2*y + 0 - 4 + 7*y - y**2. Let l be t(8). Suppose -b - 4 = -s, -l*s + 4*b + 13 = b. What is the units digit of s?
1
Let b(p) = p**3 + p**2 - 10. Let y be b(0). Let n be ((-12)/y)/((-2)/(-5)). Suppose -3*j - 3*g = -21, -20 = -2*j - n*g + 4*g. What is the units digit of j?
9
Suppose -5*j + 459 = -76. What is the units digit of j?
7
Let c = 244 + -85. What is the tens digit of c?
5
Let s = 25 + -25. Suppose 4*v + 0*v - 208 = s. What is the units digit of v?
2
Let y be (-3)/6 + (-114)/(-4). Suppose -h = h - y. Suppose -12 = -q - 2*q, c - h = -q. What is the units digit of c?
0
Let u(y) be the first derivative of y + 2 + 7/2*y**2. What is the units digit of u(1)?
8
Let q(l) be the first derivative of l**4/24 - l**3/6 + l**2/2 + 2. Let g(t) be the second derivative of q(t). What is the units digit of g(3)?
2
Suppose 0 = -4*c - 3*b + 2*b + 218, 212 = 4*c + 4*b. Suppose 45 + c = 4*f. Let d = -9 + f. What is the tens digit of d?
1
Let r be 1*(2 + -2) - -1. What is the units digit of (-4)/((-1)/1 - r)?
2
Suppose 7 - 22 = -3*k. What is the units digit of (14/k)/((-4)/(-20))?
4
Suppose -3*m + 18 = -0*m. What is the units digit of m?
6
Let i(p) = -p**3 + 6*p**2 - 4*p - 1. Suppose 4 = -z + 1. Let u be (-1)/z - 14/(-3). What is the units digit of i(u)?
4
Suppose 0 = -4*y + 5*n - 165 + 747, y - 3*n = 149. What is the units digit of y?
3
Let r = -9 + 35. What is the units digit of r?
6
Suppose -2*a = 4*s + s - 10, 0 = -4*a + 20. Suppose -x + 1 + 0 = s. What is the units digit of 0 - (1 + -2 - x)?
2
Let x(w) = w - w**2 + 1 + 0*w**2 + 4. What is the units digit of x(0)?
5
Suppose -2*k = -k + 6. Let p = 13 - 23. Let l = k - p. What is the units digit of l?
4
Let y = -46 - -49. What is the units digit of y?
3
Suppose 2*f + 0*l = 3*l + 12, -3*l + 51 = 5*f. What is the units digit of f?
9
What is the tens digit of (-530)/(-8) - (-26)/(-104)?
6
Suppose -2*n + 2*w - 2 = 0, 3*w + 18 - 3 = 0. Let l = 7 - n. What is the units digit of l?
3
Suppose 4*p + 4*o = 100, 13 = p - 2*o - 27. Suppose 2*m + p = -m. What is the units digit of (24/(-15))/(4/m)?
4
What is the tens digit of (-1500)/15*(-2)/4?
5
Let d(r) = 0*r**3 - r**3 + 4*r**2 + 2*r**3 - 4 + 0. What is the units digit of d(-3)?
5
Suppose 0 = 3*l - l. What is the units digit of (1 - 11)/(-1 - l)?
0
Suppose -19*d = -11*d - 568. What is the tens digit of d?
7
Let a be (12/18)/((-2)/204). Let g = -35 - a. What is the tens digit of g?
3
Suppose 88 + 22 = 2*v. Suppose 4*a - 1 = v. What is the tens digit of a?
1
Suppose -4*n - 9 = -n. Let q(z) = -5*z - 3. What is the units digit of q(n)?
2
Let d(l) = -14*l - 14*l + 4*l + 0*l. What is the units digit of d(-1)?
4
Let l(u) = u**2 + 9*u + 9. Let d be 1 - 1 - (-4)/(-4). Let y be -1 + d - (9 - 3). What is the units digit of l(y)?
1
Let f(x) = x. Let m be f(-6). Let p(y) = y**3 + 7*y**2 + 3*y + 2. What is the units digit of p(m)?
0
Suppose 45 = 5*d + 170. Let g = 15 + d. Let l(m) = m + 12. What is the units digit of l(g)?
2
Suppose -3*j = 5 + 10. Let w(y) be the first derivative of y**3/3 + 3*y**2/2 - 6*y + 2. What is the units digit of w(j)?
4
Let v be 26/4 + 21/14. Suppose 0 = 3*u - 5*d + 7, 3*d = 9*u - 5*u + 2. Suppose u = m - v. What is the units digit of m?
9
Let h = -59 + 127. What is the tens digit of h?
6
Let z(w) = w**3 + 7*w**2 + 6*w + 4. Let b be z(-6). Suppose 2 = 3*q - a - a, 4 = -4*q - b*a. Suppose -3*m + q + 3 = 0. What is the units digit of m?
1
Suppose 4*g = -4*c + 56, 5*g - 4*g = 3*c - 38. Suppose 3*i + c = 4*i. What is the tens digit of i?
1
Suppose -2*w + 5*w = 21. Let l = w + -10. What is the units digit of (-2)/(0 + l/6)?
4
Let c(f) = f**2 + 5*f - 8. Let h be c(-6). Let l(m) = -m**3 + m**2 + m - 2. What is the units digit of l(h)?
8
What is the tens digit of 4*-1*(-368)/32?
4
Let d(j) = j**3 - 13*j**2 + 14*j - 29. What is the hundreds digit of d(13)?
1
Let z(c) = -3*c - 3. Let w(t) = t - 1. Let j(l) = 2*w(l) + z(l). Let v be j(-4). What is the units digit of v + (-2 - (-1 - 6))?
4
Suppose 13 = 4*w - 103. Let y = -21 + w. What is the units digit of y?
8
What is the tens digit of (1 - -3)*98/14?
2
Suppose -11*a + 1551 = -561. What is the hundreds digit of a?
1
Let p(g) = -g**3 - 6*g**2 + 6*g - 4. Let v be p(-7). Suppose -3*f = -2*f - v. What is the units digit of f?
3
What is the tens digit of (-8)/32 + 309/4?
7
Let z(l) be the third derivative of -4/3*l**3 - 1/12*l**4 + 0 + 0*l + l**2. What is the units digit of z(-6)?
4
What is the units digit of (-9)/6*56/6*-1?
4
What is the tens digit of (-70)/2*(-6)/5?
4
Let d(m) be the first derivative of 3/2*m**2 + 2*m - 3. What is the units digit of d(2)?
8
Suppose 5*c - 35 = -6*n + n, 3*n = 5*c - 11. Let j(u) = -u**2 + 9*u + 4. Let s be j(8). Suppose c*f - 2*f - s = 0. What is the units digit of f?
6
Suppose 12 + 4 = 2*f. What is the units digit of f?
8
Let f(x) = 5*x**2 + 1. Suppose 0 = 4*u - 8*u - 5*v - 11, 0 = v + 3. Let y be f(u). Suppose -16 = -y*r + 2*r. What is the units digit of r?
4
Let m(f) = 2*f**2 - f + 5. What is the units digit of m(-6)?
3
Let k be 1 - (1 - 1 - -2). What is the units digit of 3 - (4/k - -2)?
5
Suppose 9*i - 4*i = 330. What is the units digit of i?
6
Let i be 1/(1/2)*-2. Let m be 0 - (0/(-1) - -7). What is the units digit of (-9)/m + i/14?
1
Let q = -76 + 131. Suppose 0*b - 3*b + q = 4*l, -5*l + 3*b + 89 = 0. What is the tens digit of l?
1
Let x be (-8)/(-12)*(5 + -2). Let f(q) = 2*q**3 - 4*q**2 + 3*q - 1. Let r be f(x). Suppose -r*h + 9 + 11 = 0, -2*m - 2 = -h. What is the units digit of m?
1
Suppose 0*m + 4 = 4*m. What is the units digit of m?
1
Let a = 60 - 15. Let w be ((-3)/(-6))/(2/20). Suppose a = w*d - 0*d. What is the units digit of d?
9
Let u(m) = -m**3 + m**2 - 3*m + 18. What is the tens digit of u(0)?
1
Suppose 2*m + 2*z = 28, -m - 5 = -4*z - 39. What is the units digit of m?
8
Let c(r) be the first derivative of -r**2 - 2*r + 4